{"id":183,"date":"2016-02-08T14:37:07","date_gmt":"2016-02-08T13:37:07","guid":{"rendered":"http:\/\/olgaphone.com\/blog\/?page_id=183"},"modified":"2016-02-08T14:38:20","modified_gmt":"2016-02-08T13:38:20","slug":"informations-legales","status":"publish","type":"page","link":"https:\/\/olgaphone.com\/blog\/informations-legales\/","title":{"rendered":"Informations l\u00e9gales"},"content":{"rendered":"<p><b>1. Editeur<\/b><\/p>\n<p>Le site internet olgaphone.com est \u00e9dit\u00e9 par :<\/p>\n<p>Flagtory<br \/>\nSAS au capital de 20 000\u20ac<br \/>\nRCS Nanterre 523 206 993<br \/>\nCode APE : 6201Z<br \/>\nHeadquarter : 25 rue Pauline Borgh\u00e8se, 92200 Neuilly sur Seine, France<br \/>\nPublication Director : Olivier Gatelmand<\/p>\n<p><b>2. H\u00e9bergement<\/b><\/p>\n<p>OVH<br \/>\nSAS au capital de 500 K\u20ac<br \/>\nSIREN : RCS Roubaix &#8211; Tourcoing 424 761 419 00011<br \/>\nCode APE 6202A<br \/>\nN\u00b0 TVA : FR 22 424 761 419<br \/>\nSi\u00e8ge social : 2 rue Kellermann &#8211; 59100 Roubaix &#8211; France<\/p>\n<p><b>3. Confidentialit\u00e9<\/b><\/p>\n<p>Nous comprenons que la confidentialit\u00e9 est une probl\u00e8me important pour nos visiteurs. Chaque information que vous nous fournissez, nous enregistrons les donn\u00e9es de connexion dans un but d&rsquo;am\u00e9lioration du site et du service. Nous ne vendons pas ces informations \u00e0 des tiers.<br \/>\nIl est possible que nous utilisions ces informations pour communiquer avec vous.<\/p>\n<p>Le site peut contenir des liens vers d&rsquo;autres sites externes. Nous ne sommes pas responsables des contenus de ces sites.<\/p>\n","protected":false},"excerpt":{"rendered":"<p>1. Editeur Le site internet olgaphone.com est \u00e9dit\u00e9 par : Flagtory SAS au capital de 20 000\u20ac RCS Nanterre 523 206 993 Code APE : 6201Z Headquarter : 25 rue Pauline Borgh\u00e8se, 92200 Neuilly sur Seine, France Publication Director : Olivier Gatelmand 2. H\u00e9bergement OVH SAS au capital de 500 K\u20ac SIREN : RCS Roubaix &hellip; <a href=\"https:\/\/olgaphone.com\/blog\/informations-legales\/\" class=\"more-link\">Continuer la lecture<span class=\"screen-reader-text\"> de &laquo;&nbsp;Informations l\u00e9gales&nbsp;&raquo;<\/span><\/a><\/p>\n","protected":false},"author":1,"featured_media":0,"parent":0,"menu_order":0,"comment_status":"closed","ping_status":"closed","template":"","meta":{"footnotes":""},"_links":{"self":[{"href":"https:\/\/olgaphone.com\/blog\/wp-json\/wp\/v2\/pages\/183"}],"collection":[{"href":"https:\/\/olgaphone.com\/blog\/wp-json\/wp\/v2\/pages"}],"about":[{"href":"https:\/\/olgaphone.com\/blog\/wp-json\/wp\/v2\/types\/page"}],"author":[{"embeddable":true,"href":"https:\/\/olgaphone.com\/blog\/wp-json\/wp\/v2\/users\/1"}],"replies":[{"embeddable":true,"href":"https:\/\/olgaphone.com\/blog\/wp-json\/wp\/v2\/comments?post=183"}],"version-history":[{"count":3,"href":"https:\/\/olgaphone.com\/blog\/wp-json\/wp\/v2\/pages\/183\/revisions"}],"predecessor-version":[{"id":187,"href":"https:\/\/olgaphone.com\/blog\/wp-json\/wp\/v2\/pages\/183\/revisions\/187"}],"wp:attachment":[{"href":"https:\/\/olgaphone.com\/blog\/wp-json\/wp\/v2\/media?parent=183"}],"curies":[{"name":"wp","href":"https:\/\/api.w.org\/{rel}","templated":true}]}}