{"id":1219,"date":"2022-12-02T20:03:31","date_gmt":"2022-12-02T19:03:31","guid":{"rendered":"https:\/\/olgaphone.com\/blog\/?page_id=1219"},"modified":"2022-12-02T20:03:31","modified_gmt":"2022-12-02T19:03:31","slug":"guide-comparatif-telephone-pour-malvoyant","status":"publish","type":"page","link":"https:\/\/olgaphone.com\/blog\/guide-comparatif-telephone-pour-malvoyant\/","title":{"rendered":"Comparatif de t\u00e9l\u00e9phone pour malvoyant : quelle solution choisir pour votre proche ?"},"content":{"rendered":"<h2>T\u00e9l\u00e9phone pour malvoyant : bien choisir la solution adapt\u00e9e<\/h2>\n<p>Vous \u00eates nombreux \u00e0 nous contacter r\u00e9guli\u00e8rement en nous indiquant que vous ne vous y retrouvez pas avec les comparatifs de t\u00e9l\u00e9phones pour malvoyant diffus\u00e9s sur internet. Ces comparatifs ont souvent \u00e9t\u00e9 effectu\u00e9s par les soci\u00e9t\u00e9s elles-m\u00eames distributeur de leur produit et ne repr\u00e9sentent pas une base fiable et honn\u00eate de l&rsquo;offre existante. Il arrive parfois m\u00eame que des associations poss\u00e9dant leur propre boutique ne vous orientent pas vers la solution la plus adapt\u00e9e, tout simplement car elles ne la vendent pas (voir le milieu associatif handicap\u00e9 dans la tourmente).<\/p>\n<blockquote><p>Lorsque l&rsquo;on perd la vue, la communication devient encore plus essentielle au quotidien pour briser l&rsquo;isolement<\/p><\/blockquote>\n<p>Lorsque l&rsquo;on perd la vue, la communication devient encore plus essentielle au quotidien pour briser l&rsquo;isolement et la solitude d&rsquo;un domicile ou d&rsquo;une chambre d&rsquo;EHPAD. Le t\u00e9l\u00e9phone est un appareil que l&rsquo;on va utiliser tous les jours. Bien choisir peut tout changer.<\/p>\n<blockquote><p>Les malvoyants n&rsquo;ont pas tous les m\u00eames besoins.<\/p><\/blockquote>\n<p>Les personnes d\u00e9ficientes visuelles ne repr\u00e9sentent pas un groupe homog\u00e8ne. Certains individus sont malvoyants ou aveugles de naissance, d&rsquo;autres ont perdu la vue suite \u00e0 un accident, \u00e0 l&rsquo;\u00e2ge ou \u00e0 une maladie. Tous n&rsquo;ont pas le m\u00eame niveau d&rsquo;exp\u00e9rience avec un t\u00e9l\u00e9phone et avec leur probl\u00e8me de vue. Par ailleurs, il arrive que certaines personnes souffrent de plusieurs handicaps en m\u00eame temps. De ce fait, \u00e9tablir un classement du meilleur t\u00e9l\u00e9phone pour malvoyant n&rsquo;a aucun sens et ne serait pas honn\u00eate. <\/p>\n<p>Ce guide a pour but de vous aider \u00e0:<br \/>\n&#8211; vous poser les bonnes questions avant d&rsquo;acheter<br \/>\n&#8211; vous orienter pour bien choisir le t\u00e9l\u00e9phone pour malvoyant appropri\u00e9 \u00e0 la personne que vous aidez<\/p>\n<h2>Plan<\/h2>\n<p>1) La fausse bonne id\u00e9e du t\u00e9l\u00e9phone fixe pour malvoyant<br \/>\n2) Faire attention \u00e0 toutes les difficult\u00e9s de l&rsquo;utilisateur<br \/>\n3) Attention \u00e0 l&rsquo;exc\u00e8s de fonctions inutiles ou inaccessibles<br \/>\n4) Combien co\u00fbte un t\u00e9l\u00e9phone pour malvoyant ?<br \/>\n5) Avantages et Inconv\u00e9nient des diff\u00e9rents types de t\u00e9l\u00e9phones pour malvoyant<\/p>\n<h1>1) Quel usage? La fausse bonne id\u00e9e du t\u00e9l\u00e9phone fixe<\/h1>\n<p>De nombreux aidants pensent souvent \u00e0 tort qu&rsquo;une solution t\u00e9l\u00e9phone fixe pour malvoyant co\u00fbtera forc\u00e9ment moins ch\u00e8re. Ce raisonnement est souvent erronn\u00e9 pour plusieurs raisons.<\/p>\n<p>&#8211; <b>les abonnements pour t\u00e9l\u00e9phones fixes co\u00fbtent plus cher.<\/b> Les t\u00e9l\u00e9phones fixes n\u00e9cessitent soit une ligne cuivre soit une ligne reli\u00e9e \u00e0 une box WiFi qui co\u00fbtent tr\u00e8s souvent au moins 30\u20ac\/mois. Une ligne portable avec un peu de donn\u00e9es mobiles (internet) vous co\u00fbtera entre 5\u20ac et 15\u20ac par mois. La France est un des pays o\u00f9 les lignes portables sont parmi les moins ch\u00e8res du monde. <\/p>\n<p>&#8211; <b>les lignes fixes traditionnelles sont en train de dispara\u00eetre<\/b>, cela poussera les usagers \u00e0 prendre une ligne internet non indispensable \u00e0 leur domicile. Le nombre de foyers qui n&rsquo;a plus de t\u00e9l\u00e9phone fixe au domicile diminue tr\u00e8s vite (voir <a href=\"https:\/\/fr.statista.com\/statistiques\/530757\/equipement-telephonie-fixe-a-domicile-france\/\" rel=\"noopener\" target=\"_blank\">statistiques \u00e9quipement t\u00e9l\u00e9phonie fixe en France<\/a>). Par ailleurs, les t\u00e9l\u00e9phones fixes ne font plus partis des d\u00e9veloppements des grandes entreprises et des grands op\u00e9rateurs qui orientent leur R&#038;D vers le t\u00e9l\u00e9phone portable qui offrent des possibilit\u00e9s bien plus importantes.<\/p>\n<p>&#8211; <b>le t\u00e9l\u00e9phone portable est bien plus flexible.<\/b> Car en plus de servir pour les d\u00e9placements en dehors du domicile, il permet une utilisation mobile dans le domicile et surtout en cas d&rsquo;hospitalisation soudaine. Il permet aux utilisateurs de ne pas se retrouver d\u00e9munis dans un nouveau lieu o\u00f9 du mat\u00e9riel diff\u00e9rent peut \u00eatre pr\u00e9sent.<\/p>\n<p>En conclusion, m\u00eame si l&rsquo;utilisateur vit essentiellement \u00e0 son domicile, le t\u00e9l\u00e9phone portable offrira une plus grande flexibilit\u00e9 et des mensualit\u00e9s d&rsquo;abonnement bien plus \u00e9conomiques. Le seul cas o\u00f9 le t\u00e9l\u00e9phone fixe peut avoir du sens sera dans les zones blanches ou \u00e0 faible signal. Car l&rsquo;absence de r\u00e9seau ne permettra pas d&rsquo;utiliser un t\u00e9l\u00e9phone portable avec des fonctions de vocalisation connect\u00e9e. <\/p>\n<blockquote><p>Le t\u00e9l\u00e9phone portable offre une plus grande flexibilit\u00e9 et des co\u00fbts bien plus int\u00e9ressants.<\/p><\/blockquote>\n<h1>2) Quelles difficult\u00e9s pour l&rsquo;utilisateur ?<\/h1>\n<p><b>Capacit\u00e9 d&rsquo;apprentissage et probl\u00e8mes cognitifs<\/b><br \/>\nPlut\u00f4t que se focaliser sur l&rsquo;\u00e2ge, focalisez-vous sur la capacit\u00e9 d&rsquo;apprentissage et les \u00e9ventuels probl\u00e8mes cognitifs. Car c&rsquo;est souvent le point le plus bloquant. Si la personne est atteintes par des probl\u00e8mes cognitifs importants, prenez le temps d&rsquo;\u00e9changer avec le vendeur. M\u00eame si en fonction des probl\u00e8mes, il y a de fortes chances qu&rsquo;il ne soit pas comp\u00e9tent pour vous aider. En cons\u00e9quence, un ergoth\u00e9rapeute ou un av\u00e9jiste sera peut-\u00eatre n\u00e9cessaire pour vous conseiller.<\/p>\n<p><b>Malvoyant ou aveugle ?<\/b><br \/>\nUn t\u00e9l\u00e9phone pour malvoyant, si il est bien pens\u00e9, sera aussi adapt\u00e9 pour une personne non voyante. Mais certains appareils ne le sont pas. C&rsquo;est pourquoi il faut bien prendre garde \u00e0 cette diff\u00e9rence. Car dans certains cas m\u00eame une faible capacit\u00e9 visuelle pourra permettre l&rsquo;utilisation de certains t\u00e9l\u00e9phones. Notamment les t\u00e9l\u00e9phones qui ne sont pas compl\u00e8tement vocalis\u00e9s.<\/p>\n<p><b>Des probl\u00e8mes auditifs ?<\/b><br \/>\nIl est important de v\u00e9rifier ce point. Notamment lorsque l&rsquo;appareil utilise des fonctions vocalis\u00e9es afin que l&rsquo;utilisation ne soit pas p\u00e9nible. Nous recommandons dans ce genre de cas d&rsquo;essayer en priorit\u00e9 d&rsquo;\u00e9quiper la personne d&rsquo;appareil auditif si c&rsquo;est possible. Certains t\u00e9l\u00e9phone pour malvoyant proposent m\u00eame du Bluetooth pour connecter une enceinte ou des appareils auditifs. Si vous \u00eates dans ce genre de cas, \u00e9changez avec votre audioproth\u00e9siste \u00e0 ce sujet avant votre achat.<\/p>\n<p><b>Des probl\u00e8mes aux mains ?<\/b><br \/>\nL&rsquo;arthrose ou les probl\u00e8mes de tremblements r\u00e9duisent consid\u00e9rablement la capacit\u00e9 \u00e0 sentir les touches d&rsquo;un t\u00e9l\u00e9phone et m\u00eame parfois \u00e0 le charger. C&rsquo;est pourquoi dans ce genre de situation les t\u00e9l\u00e9phones parlants sans clavier seront vraiment \u00e0 privil\u00e9gier. Mais parfois certains d\u00e9tails comme l&rsquo;allumage de l&rsquo;appareil seront d\u00e9j\u00e0 trop complexes. Nous vous invitons \u00e0 consulter notre lien descriptif sur les sp\u00e9cificit\u00e9s d&rsquo;utilisaton li\u00e9 \u00e0 un handicap moteur.<\/p>\n<h1>3) Quelles sont les fonctionnalit\u00e9s n\u00e9cessaires ? Un t\u00e9l\u00e9phone pour malvoyant pour quels besoins ?<\/h1>\n<p>Focalisez-vous sur le besoin r\u00e9el et l&rsquo;accessibilit\u00e9. Car trop souvent nous \u00e9changeons avec des utilisateurs qui se sont laiss\u00e9s s\u00e9duire par des vendeurs de t\u00e9l\u00e9phones pour malvoyant peu scrupuleux. Ces vendeurs pr\u00e9sentent de nombreuses fonctions non essentielles au lieu de se focaliser sur la simplicit\u00e9 et le r\u00e9el besoin du client. Statistiquement, l&rsquo;utilisateur n&rsquo;utilisera pas toutes les possibilit\u00e9s de son t\u00e9l\u00e9phone.<\/p>\n<p>Parfois seule une partie des fonctionnalit\u00e9s des t\u00e9l\u00e9phones pour malvoyant est r\u00e9element adapt\u00e9e tandis que l&rsquo;autre partie n\u00e9cessite des manipulations complexes. C&rsquo;est pourquoi nous vous invitons \u00e0 bien vous renseigner aupr\u00e8s du vendeur avant d&rsquo;acheter.<\/p>\n<blockquote><p>Focalisez-vous sur le besoin r\u00e9el et l&rsquo;accessibilit\u00e9<\/p><\/blockquote>\n<p>Pour les t\u00e9l\u00e9phones pour malvoyant, l&rsquo;adage qui peut le plus peut le moins n&rsquo;est pas forc\u00e9ment vrai. Trop de fonctionnalit\u00e9s ou manipulations peuvent pousser des utilisateurs \u00e0 se retrouver face \u00e0 une usine \u00e0 gaz inaccessible.<\/p>\n<p>Voici quelques exemples de fonctionnalit\u00e9s difficilement adaptables:<br \/>\n&#8211; Prendre une photo. Pour une personne malvoyante, la mise au point, le cadrage et la gestion du stockage m\u00e9moire poseront des difficult\u00e9s<br \/>\n&#8211; Naviguer sur internet. M\u00eame si des syst\u00e8mes qui d\u00e9crivent les pages existent, 99% des sites n&rsquo;ont pas \u00e9t\u00e9 pens\u00e9s pour un usage vocal. Par ailleurs, animations, photos non d\u00e9crites, syst\u00e8mes d&rsquo;authentification ou les nombreux menus rendront la description de ces pages extr\u00eamement complexes et de fait non accessibles (voir exemple de Tous Anti Covid)<\/p>\n<p>L&rsquo;effet inverse existe aussi. Par exemple, certains aidants ne sont pas suffisants ambitieux par rapport \u00e0 leur proche handicap\u00e9. Une personne d\u00e9ficiente visuelle a souvent moins d&rsquo;activit\u00e9s \u00e0 son domicile et peut tomber dans l&rsquo;ennui. C&rsquo;est pourquoi il faut prendre garde \u00e0 ne pas prendre un t\u00e9l\u00e9phone trop limit\u00e9. Car pour certains, le t\u00e9l\u00e9phone peut \u00eatre une source de motivation et ouvrir de nombreuses portes pour retrouver le go\u00fbt de la vie.<\/p>\n<h1>4) Combien co\u00fbte un t\u00e9l\u00e9phone pour malvoyant ?<\/h1>\n<p>Il est vrai que le mat\u00e9riel pour handicap\u00e9 co\u00fbte souvent plus cher que le mat\u00e9riel d\u00e9di\u00e9 aux personnes valides. Le volume de production \u00e9tant beaucoup plus faible, c&rsquo;est pourquoi les possibilit\u00e9s de baisse de prix sont plus faibles.<\/p>\n<p>Cependant beaucoup d&rsquo;acteur du handicap profitent de cette situation de faible offre pour faire gonfler leur prix artificiellement. Il suffit de voir le prix de nombreuses loupes et machines \u00e0 lire hors de prix d\u00e9passant parfois les 3000 euros.<\/p>\n<p>Il existe aujourd&rsquo;hui des t\u00e9l\u00e9phones portables pour malvoyant \u00e0 moins de 500\u20ac\u00a0qui regroupent toutes ces fonctionnalit\u00e9s avec une qualit\u00e9 similaire. En plus de cela, ils sont plus simples \u00e0 utiliser, moins chers et surtout portables.<\/p>\n<h1>5) Avantages et inconv\u00e9nients des diff\u00e9rents types de t\u00e9l\u00e9phones pour malvoyant<\/h1>\n<p><b>T\u00e9l\u00e9phones \u00e0 grosse touche<\/b><br \/>\nL&rsquo;arthrose ou les probl\u00e8mes de tremblements r\u00e9duisent consid\u00e9rablement la capacit\u00e9 \u00e0 sentir les touches d&rsquo;un t\u00e9l\u00e9phone et m\u00eame \u00e0 le charger. C&rsquo;est pourquoi dans ce genre de situation les t\u00e9l\u00e9phones parlants sans clavier seront vraiment \u00e0 privil\u00e9gier. Mais parfois certains d\u00e9tails comme l&rsquo;allumage de l&rsquo;appareil seront d\u00e9j\u00e0 trop complexe. Nous vous invitons \u00e0 consulter notre lien descriptif sur les sp\u00e9cificit\u00e9s d&rsquo;utilisaton li\u00e9 \u00e0 un handicap moteur.<\/p>\n<p><b>T\u00e9l\u00e9phones partiellement vocalis\u00e9s<\/b><br \/>\nL&rsquo;arthrose ou les probl\u00e8mes de tremblements r\u00e9duisent consid\u00e9rablement la capacit\u00e9 \u00e0 sentir les touches d&rsquo;un t\u00e9l\u00e9phone et m\u00eame \u00e0 le charger. C&rsquo;est pourquoi dans ce genre de situation les t\u00e9l\u00e9phones parlants sans clavier seront vraiment \u00e0 privil\u00e9gier. Mais parfois certains d\u00e9tails comme l&rsquo;allumage de l&rsquo;appareil seront d\u00e9j\u00e0 trop complexe. Nous vous invitons \u00e0 consulter notre lien descriptif sur les sp\u00e9cificit\u00e9s d&rsquo;utilisaton li\u00e9 \u00e0 un handicap moteur.<\/p>\n<p><b>T\u00e9l\u00e9phones 100% parlants<\/b><br \/>\nL&rsquo;arthrose ou les probl\u00e8mes de tremblements r\u00e9duisent consid\u00e9rablement la capacit\u00e9 \u00e0 sentir les touches d&rsquo;un t\u00e9l\u00e9phone et m\u00eame \u00e0 le charger. C&rsquo;est pourquoi dans ce genre de situation les t\u00e9l\u00e9phones parlants sans clavier seront vraiment \u00e0 privil\u00e9gier. Mais parfois certains d\u00e9tails comme l&rsquo;allumage de l&rsquo;appareil seront d\u00e9j\u00e0 trop complexe. Nous vous invitons \u00e0 consulter notre lien descriptif sur les sp\u00e9cificit\u00e9s d&rsquo;utilisaton li\u00e9 \u00e0 un handicap moteur.<\/p>\n<h1>Quelles sont les caract\u00e9ristiques d&rsquo;un t\u00e9l\u00e9phone pour malvoyant ?<\/h1>\n<p>Les t\u00e9l\u00e9phones pour malvoyants ont souvent des caract\u00e9ristiques propres, parmi elles vous pouvez retrouver:<\/p>\n<p>&#8211; de tr\u00e8s <b>grosses touches<\/b> souvent en relief pour faciliter la sensation des touches;<\/p>\n<p>&#8211; peu de <b>touches qui sont associ\u00e9es des num\u00e9ros pr\u00e9-enregistr\u00e9s<\/b> pour faciliter l&rsquo;appel de certains proches;<\/p>\n<p>&#8211; une <b>interface simplifi\u00e9e<\/b> avec un menu tr\u00e8s all\u00e9g\u00e9 pour une prise en main plus rapide. Cette sp\u00e9cificit\u00e9 a du sens pour des personnes l\u00e9g\u00e8rement malvoyante ou aimant le tactile et le fait de faire des manipulations;<\/p>\n<p>&#8211; une <b>interface contrast\u00e9e<\/b> noir et blanc et grossie pour faciliter la lecture pour les personnes malvoyantes pouvant encore distingu\u00e9e certaines typographie. Cette sp\u00e9cificit\u00e9 a du sens pour des personnes l\u00e9g\u00e8rement malvoyante;<\/p>\n<p>&#8211; des <b>fonctionnalit\u00e9s vocalis\u00e9es<\/b> ou parlantes pour simplifier le suivi de l&rsquo;utilisation. De toutes les sp\u00e9cificit\u00e9s, c&rsquo;est la plus utile et la plus int\u00e9ressante pour la personne malvoyante. En plus de guider l&rsquo;utilisateur, ces fonctions permettent de rassurer l&rsquo;utilisateur et ne pas se fatiguer \u00e0 chercher de l&rsquo;information via une relecture. Avec les progr\u00e9s technologique, les capacit\u00e9s d&rsquo;interaction simplifi\u00e9 et d&rsquo;intelligence artificielle sont vraiment au point.<\/p>\n<p>L&rsquo;appareil Olga a \u00e9t\u00e9 con\u00e7u et \u00e9volue en prenant en compte tous ces facteurs pour proposer une exp\u00e9rience reconnue par de nombreux ergot\u00e9rapeutes comme la plus simple. Cette simplicit\u00e9 a \u00e9t\u00e9 pens\u00e9e dans le d\u00e9tail pour toutes les fonctionnalit\u00e9s de l&rsquo;appareil.<\/p>\n<p>Si vous souhaitez \u00e9changer avec un conseiller dans la recherche de votre appareil. N&rsquo;h\u00e9sitez pas \u00e0 nous poser vos questions. Vous pouvez demander un rendez-vous t\u00e9l\u00e9phonique avec un conseiller qui vous r\u00e9pondra de fa\u00e7on extr\u00eamement professionnelle et bienveillante.<\/p>\n","protected":false},"excerpt":{"rendered":"<p>T\u00e9l\u00e9phone pour malvoyant : bien choisir la solution adapt\u00e9e Vous \u00eates nombreux \u00e0 nous contacter r\u00e9guli\u00e8rement en nous indiquant que vous ne vous y retrouvez pas avec les comparatifs de t\u00e9l\u00e9phones pour malvoyant diffus\u00e9s sur internet. Ces comparatifs ont souvent \u00e9t\u00e9 effectu\u00e9s par les soci\u00e9t\u00e9s elles-m\u00eames distributeur de leur produit et ne repr\u00e9sentent pas une &hellip; <a href=\"https:\/\/olgaphone.com\/blog\/guide-comparatif-telephone-pour-malvoyant\/\" class=\"more-link\">Continuer la lecture<span class=\"screen-reader-text\"> de &laquo;&nbsp;Comparatif de t\u00e9l\u00e9phone pour malvoyant : quelle solution choisir pour votre proche ?&nbsp;&raquo;<\/span><\/a><\/p>\n","protected":false},"author":1,"featured_media":0,"parent":0,"menu_order":0,"comment_status":"closed","ping_status":"closed","template":"","meta":{"footnotes":""},"_links":{"self":[{"href":"https:\/\/olgaphone.com\/blog\/wp-json\/wp\/v2\/pages\/1219"}],"collection":[{"href":"https:\/\/olgaphone.com\/blog\/wp-json\/wp\/v2\/pages"}],"about":[{"href":"https:\/\/olgaphone.com\/blog\/wp-json\/wp\/v2\/types\/page"}],"author":[{"embeddable":true,"href":"https:\/\/olgaphone.com\/blog\/wp-json\/wp\/v2\/users\/1"}],"replies":[{"embeddable":true,"href":"https:\/\/olgaphone.com\/blog\/wp-json\/wp\/v2\/comments?post=1219"}],"version-history":[{"count":34,"href":"https:\/\/olgaphone.com\/blog\/wp-json\/wp\/v2\/pages\/1219\/revisions"}],"predecessor-version":[{"id":1319,"href":"https:\/\/olgaphone.com\/blog\/wp-json\/wp\/v2\/pages\/1219\/revisions\/1319"}],"wp:attachment":[{"href":"https:\/\/olgaphone.com\/blog\/wp-json\/wp\/v2\/media?parent=1219"}],"curies":[{"name":"wp","href":"https:\/\/api.w.org\/{rel}","templated":true}]}}